{"id":13,"date":"2023-11-08T21:47:53","date_gmt":"2023-11-08T21:47:53","guid":{"rendered":"https:\/\/carsforchildren.net\/brb-english\/?page_id=13"},"modified":"2023-11-13T23:34:08","modified_gmt":"2023-11-13T23:34:08","slug":"about","status":"publish","type":"page","link":"https:\/\/carsforchildren.net\/brb-spanish\/about\/","title":{"rendered":"About"},"content":{"rendered":"\t\t<div data-elementor-type=\"wp-page\" data-elementor-id=\"13\" class=\"elementor elementor-13\" data-elementor-post-type=\"page\">\n\t\t\t\t<div data-dce-background-image-url=\"https:\/\/carsforchildren.net\/brb-english\/wp-content\/uploads\/2023\/11\/ftc-10.jpg\" class=\"elementor-element elementor-element-69e35fb e-flex e-con-boxed e-con e-parent\" data-id=\"69e35fb\" data-element_type=\"container\" data-settings=\"{&quot;background_background&quot;:&quot;classic&quot;,&quot;jet_parallax_layout_list&quot;:[]}\">\n\t\t\t\t\t<div class=\"e-con-inner\">\n\t\t<div class=\"elementor-element elementor-element-84d3ccb e-con-full e-flex e-con e-child\" data-id=\"84d3ccb\" data-element_type=\"container\" data-settings=\"{&quot;jet_parallax_layout_list&quot;:[]}\">\n\t\t\t\t<div class=\"elementor-element elementor-element-b8c498a elementor-widget elementor-widget-heading\" data-id=\"b8c498a\" data-element_type=\"widget\" data-widget_type=\"heading.default\">\n\t\t\t\t<div class=\"elementor-widget-container\">\n\t\t\t\t\t<h2 class=\"elementor-heading-title elementor-size-default\">About Find the Children<\/h2>\t\t\t\t<\/div>\n\t\t\t\t<\/div>\n\t\t\t\t<\/div>\n\t\t<div class=\"elementor-element elementor-element-0e2f406 e-con-full e-flex e-con e-child\" data-id=\"0e2f406\" data-element_type=\"container\" data-settings=\"{&quot;jet_parallax_layout_list&quot;:[]}\">\n\t\t\t\t<div class=\"elementor-element elementor-element-f6deb28 elementor-icon-list--layout-inline elementor-align-right elementor-mobile-align-center elementor-list-item-link-full_width elementor-widget elementor-widget-icon-list\" data-id=\"f6deb28\" data-element_type=\"widget\" data-widget_type=\"icon-list.default\">\n\t\t\t\t<div class=\"elementor-widget-container\">\n\t\t\t\t\t\t\t<ul class=\"elementor-icon-list-items elementor-inline-items\">\n\t\t\t\t\t\t\t<li class=\"elementor-icon-list-item elementor-inline-item\">\n\t\t\t\t\t\t\t\t\t\t<span class=\"elementor-icon-list-text\">Home<\/span>\n\t\t\t\t\t\t\t\t\t<\/li>\n\t\t\t\t\t\t\t\t<li class=\"elementor-icon-list-item elementor-inline-item\">\n\t\t\t\t\t\t\t\t\t\t\t<span class=\"elementor-icon-list-icon\">\n\t\t\t\t\t\t\t<svg aria-hidden=\"true\" class=\"e-font-icon-svg e-fas-chevron-right\" viewBox=\"0 0 320 512\" xmlns=\"http:\/\/www.w3.org\/2000\/svg\"><path d=\"M285.476 272.971L91.132 467.314c-9.373 9.373-24.569 9.373-33.941 0l-22.667-22.667c-9.357-9.357-9.375-24.522-.04-33.901L188.505 256 34.484 101.255c-9.335-9.379-9.317-24.544.04-33.901l22.667-22.667c9.373-9.373 24.569-9.373 33.941 0L285.475 239.03c9.373 9.372 9.373 24.568.001 33.941z\"><\/path><\/svg>\t\t\t\t\t\t<\/span>\n\t\t\t\t\t\t\t\t\t\t<span class=\"elementor-icon-list-text\">About<\/span>\n\t\t\t\t\t\t\t\t\t<\/li>\n\t\t\t\t\t\t<\/ul>\n\t\t\t\t\t\t<\/div>\n\t\t\t\t<\/div>\n\t\t\t\t<\/div>\n\t\t\t\t\t<\/div>\n\t\t\t\t<\/div>\n\t\t<div class=\"elementor-element elementor-element-2294753 e-flex e-con-boxed e-con e-parent\" data-id=\"2294753\" data-element_type=\"container\" data-settings=\"{&quot;jet_parallax_layout_list&quot;:[]}\">\n\t\t\t\t\t<div class=\"e-con-inner\">\n\t\t<div class=\"elementor-element elementor-element-9c29f03 e-con-full e-flex e-con e-child\" data-id=\"9c29f03\" data-element_type=\"container\" data-settings=\"{&quot;jet_parallax_layout_list&quot;:[]}\">\n\t\t\t\t<div class=\"elementor-element elementor-element-fc87de8 elementor-invisible elementor-widget elementor-widget-heading\" data-id=\"fc87de8\" data-element_type=\"widget\" data-settings=\"{&quot;_animation&quot;:&quot;fadeInLeft&quot;}\" data-widget_type=\"heading.default\">\n\t\t\t\t<div class=\"elementor-widget-container\">\n\t\t\t\t\t<h5 class=\"elementor-heading-title elementor-size-default\">Dona Ahora<\/h5>\t\t\t\t<\/div>\n\t\t\t\t<\/div>\n\t\t\t\t<div class=\"elementor-element elementor-element-d21c996 elementor-widget elementor-widget-heading\" data-id=\"d21c996\" data-element_type=\"widget\" data-widget_type=\"heading.default\">\n\t\t\t\t<div class=\"elementor-widget-container\">\n\t\t\t\t\t<h2 class=\"elementor-heading-title elementor-size-default\">Protege el futuro de los ni\u00f1os<\/h2>\t\t\t\t<\/div>\n\t\t\t\t<\/div>\n\t\t\t\t<div class=\"elementor-element elementor-element-507326f elementor-widget elementor-widget-text-editor\" data-id=\"507326f\" data-element_type=\"widget\" data-widget_type=\"text-editor.default\">\n\t\t\t\t<div class=\"elementor-widget-container\">\n\t\t\t\t\t\t\t\t\t<p>Find The Children es una organizaci\u00f3n sin fines de lucro dedicada a la recuperaci\u00f3n de ni\u00f1os desaparecidos y a la prevenci\u00f3n del secuestro infantil. \u201cFind The Children\u201d ayuda a las familias de ni\u00f1os desaparecidos colaborando con las autoridades locales y federales, asesor\u00e1ndolas en la elaboraci\u00f3n de los documentos legales apropiados y conect\u00e1ndolas con otras organizaciones sin fines de lucro o recursos comunitarios que puedan ayudarlas en la b\u00fasqueda de sus hijos. FTC educa a padres e hijos sobre la seguridad con desconocidos y en l\u00ednea, y trabaja de cerca y en conjunto con el Centro Nacional de Ni\u00f1os Desaparecidos y Explotados. \u201cFind The Children\u201d cuenta con personal biling\u00fce disponible para trabajar con familias de habla hispana. Desde 1983, \u201cFind The Children\u201d ha ayudado a miles de familias distribuyendo volantes con fotograf\u00edas de ni\u00f1os desaparecidos a trav\u00e9s de nuestro programa de distribuci\u00f3n de volantes con voluntarios. Uno de cada siete ni\u00f1os desaparecidos es encontrado gracias a que alguien ve su foto y la informa a las autoridades.<\/p>\t\t\t\t\t\t\t\t<\/div>\n\t\t\t\t<\/div>\n\t\t\t\t<\/div>\n\t\t<div class=\"elementor-element elementor-element-c6dfda1 e-con-full e-flex e-con e-child\" data-id=\"c6dfda1\" data-element_type=\"container\" data-settings=\"{&quot;background_background&quot;:&quot;classic&quot;,&quot;jet_parallax_layout_list&quot;:[]}\">\n\t\t\t\t<div class=\"elementor-element elementor-element-2f06219 elementor-widget elementor-widget-video\" data-id=\"2f06219\" data-element_type=\"widget\" data-settings=\"{&quot;youtube_url&quot;:&quot;https:\\\/\\\/youtu.be\\\/RqQTaGQ0FxI&quot;,&quot;video_type&quot;:&quot;youtube&quot;,&quot;controls&quot;:&quot;yes&quot;}\" data-widget_type=\"video.default\">\n\t\t\t\t<div class=\"elementor-widget-container\">\n\t\t\t\t\t\t\t<div class=\"elementor-wrapper elementor-open-inline\">\n\t\t\t<div class=\"elementor-video\"><\/div>\t\t<\/div>\n\t\t\t\t\t\t<\/div>\n\t\t\t\t<\/div>\n\t\t\t\t<div class=\"elementor-element elementor-element-ba12e9b elementor-widget-divider--view-line elementor-widget elementor-widget-divider\" data-id=\"ba12e9b\" data-element_type=\"widget\" data-widget_type=\"divider.default\">\n\t\t\t\t<div class=\"elementor-widget-container\">\n\t\t\t\t\t\t\t<div class=\"elementor-divider\">\n\t\t\t<span class=\"elementor-divider-separator\">\n\t\t\t\t\t\t<\/span>\n\t\t<\/div>\n\t\t\t\t\t\t<\/div>\n\t\t\t\t<\/div>\n\t\t<div class=\"elementor-element elementor-element-d4e35cb e-con-full e-flex e-con e-child\" data-id=\"d4e35cb\" data-element_type=\"container\" data-settings=\"{&quot;jet_parallax_layout_list&quot;:[]}\">\n\t\t<div class=\"elementor-element elementor-element-b3e937b e-con-full e-flex e-con e-child\" data-id=\"b3e937b\" data-element_type=\"container\" data-settings=\"{&quot;jet_parallax_layout_list&quot;:[]}\">\n\t\t\t\t<div class=\"elementor-element elementor-element-d15b156 elementor-widget elementor-widget-image\" data-id=\"d15b156\" data-element_type=\"widget\" data-widget_type=\"image.default\">\n\t\t\t\t<div class=\"elementor-widget-container\">\n\t\t\t\t\t\t\t\t\t\t\t\t\t\t\t<img fetchpriority=\"high\" decoding=\"async\" width=\"438\" height=\"127\" src=\"https:\/\/carsforchildren.net\/brb-spanish\/wp-content\/uploads\/2023\/11\/d2c-logo-1.png\" class=\"attachment-full size-full wp-image-86\" alt=\"\" srcset=\"https:\/\/carsforchildren.net\/brb-spanish\/wp-content\/uploads\/2023\/11\/d2c-logo-1.png 438w, https:\/\/carsforchildren.net\/brb-spanish\/wp-content\/uploads\/2023\/11\/d2c-logo-1-300x87.png 300w\" sizes=\"(max-width: 438px) 100vw, 438px\" title=\"\">\t\t\t\t\t\t\t\t\t\t\t\t\t\t\t<\/div>\n\t\t\t\t<\/div>\n\t\t\t\t<\/div>\n\t\t<div class=\"elementor-element elementor-element-888667d e-con-full e-flex e-con e-child\" data-id=\"888667d\" data-element_type=\"container\" data-settings=\"{&quot;jet_parallax_layout_list&quot;:[]}\">\n\t\t\t\t<div class=\"elementor-element elementor-element-4600f63 elementor-widget elementor-widget-image\" data-id=\"4600f63\" data-element_type=\"widget\" data-widget_type=\"image.default\">\n\t\t\t\t<div class=\"elementor-widget-container\">\n\t\t\t\t\t\t\t\t\t\t\t\t\t\t\t<img decoding=\"async\" width=\"500\" height=\"270\" src=\"https:\/\/carsforchildren.net\/brb-spanish\/wp-content\/uploads\/2023\/11\/ftc-logo.jpg\" class=\"attachment-full size-full wp-image-77\" alt=\"Find the Children Logo\" srcset=\"https:\/\/carsforchildren.net\/brb-spanish\/wp-content\/uploads\/2023\/11\/ftc-logo.jpg 500w, https:\/\/carsforchildren.net\/brb-spanish\/wp-content\/uploads\/2023\/11\/ftc-logo-300x162.jpg 300w\" sizes=\"(max-width: 500px) 100vw, 500px\" title=\"\">\t\t\t\t\t\t\t\t\t\t\t\t\t\t\t<\/div>\n\t\t\t\t<\/div>\n\t\t\t\t<\/div>\n\t\t\t\t<\/div>\n\t\t\t\t<\/div>\n\t\t\t\t\t<\/div>\n\t\t\t\t<\/div>\n\t\t<div class=\"elementor-element elementor-element-177924f e-con-full e-flex e-con e-parent\" data-id=\"177924f\" data-element_type=\"container\" data-settings=\"{&quot;jet_parallax_layout_list&quot;:[]}\">\n\t\t<div data-dce-background-image-url=\"https:\/\/carsforchildren.net\/brb-english\/wp-content\/uploads\/2023\/11\/ftc-6.jpg\" class=\"elementor-element elementor-element-aefd5ed e-con-full e-flex e-con e-child\" data-id=\"aefd5ed\" data-element_type=\"container\" data-settings=\"{&quot;background_background&quot;:&quot;classic&quot;,&quot;jet_parallax_layout_list&quot;:[]}\">\n\t\t\t\t<\/div>\n\t\t<div class=\"elementor-element elementor-element-a42216e e-con-full e-flex e-con e-child\" data-id=\"a42216e\" data-element_type=\"container\" data-settings=\"{&quot;background_background&quot;:&quot;classic&quot;,&quot;jet_parallax_layout_list&quot;:[]}\">\n\t\t\t\t<div class=\"elementor-element elementor-element-490953f elementor-invisible elementor-widget elementor-widget-heading\" data-id=\"490953f\" data-element_type=\"widget\" data-settings=\"{&quot;_animation&quot;:&quot;fadeInLeft&quot;}\" data-widget_type=\"heading.default\">\n\t\t\t\t<div class=\"elementor-widget-container\">\n\t\t\t\t\t<h5 class=\"elementor-heading-title elementor-size-default\">Historia<\/h5>\t\t\t\t<\/div>\n\t\t\t\t<\/div>\n\t\t\t\t<div class=\"elementor-element elementor-element-dc1b8c6 elementor-widget elementor-widget-heading\" data-id=\"dc1b8c6\" data-element_type=\"widget\" data-widget_type=\"heading.default\">\n\t\t\t\t<div class=\"elementor-widget-container\">\n\t\t\t\t\t<h2 class=\"elementor-heading-title elementor-size-default\">Sobre Find the Children<\/h2>\t\t\t\t<\/div>\n\t\t\t\t<\/div>\n\t\t\t\t<div class=\"elementor-element elementor-element-199da91 elementor-widget elementor-widget-text-editor\" data-id=\"199da91\" data-element_type=\"widget\" data-widget_type=\"text-editor.default\">\n\t\t\t\t<div class=\"elementor-widget-container\">\n\t\t\t\t\t\t\t\t\t<p>Find the Children es una organizaci\u00f3n sin fines de lucro dedicada a los ni\u00f1os desaparecidos, fundada en 1983 por la difunta productora de televisi\u00f3n, Linda Otto. Linda inici\u00f3 Find the Children para promover la comunicaci\u00f3n entre las autoridades locales y federales, los medios de comunicaci\u00f3n y los padres de ni\u00f1os secuestrados. Linda produjo la pel\u00edcula &#8220;Adam&#8221;, que se emiti\u00f3 por televisi\u00f3n en 1983. La pel\u00edcula representaba la historia sobre el secuestro y asesinato del hijo de su amigo John Walsh [Adam]. Al final de la pel\u00edcula, se proyect\u00f3 un desfile de fotos de ni\u00f1os desaparecidos en la pantalla. Como resultado, varios de los ni\u00f1os fueron encontrados. Fue la primera vez que los medios de comunicaci\u00f3n se utilizaron para encontrar a ni\u00f1os desaparecidos.<\/p>\t\t\t\t\t\t\t\t<\/div>\n\t\t\t\t<\/div>\n\t\t\t\t<\/div>\n\t\t\t\t<\/div>\n\t\t<div class=\"elementor-element elementor-element-43acaaa e-flex e-con-boxed e-con e-parent\" data-id=\"43acaaa\" data-element_type=\"container\" data-settings=\"{&quot;jet_parallax_layout_list&quot;:[]}\">\n\t\t\t\t\t<div class=\"e-con-inner\">\n\t\t\t\t<div class=\"elementor-element elementor-element-1177271 elementor-widget elementor-widget-text-editor\" data-id=\"1177271\" data-element_type=\"widget\" data-widget_type=\"text-editor.default\">\n\t\t\t\t<div class=\"elementor-widget-container\">\n\t\t\t\t\t\t\t\t\t<div class=\"elementor-element elementor-element-ad7b9b8 elementor-widget elementor-widget-text-editor\" data-id=\"ad7b9b8\" data-element_type=\"widget\" data-widget_type=\"text-editor.default\"><div class=\"elementor-widget-container\"><p>Find The Children trabaja estrechamente con la Child Abduction Task Force, un equipo interinstitucional patrocinado por el Inter-Agency Council for Child Abuse and Neglect (ICAN). Las agencias participantes incluyen la Oficina del Sheriff del Condado de Los \u00c1ngeles, el Departamento de Polic\u00eda de Los \u00c1ngeles, el FBI, el Departamento de Servicios para Ni\u00f1os y Familias del Condado de Los \u00c1ngeles, la Oficina del Fiscal del Condado de Los \u00c1ngeles (Unidad de Secuestro Infantil) y varios centros de salud mental en todo el Condado de Los \u00c1ngeles.<\/p><\/div><\/div><div class=\"elementor-element elementor-element-8fcae67 elementor-widget elementor-widget-text-editor\" data-id=\"8fcae67\" data-element_type=\"widget\" data-widget_type=\"text-editor.default\"><div class=\"elementor-widget-container\"><p>La Child Abduction Task Force atiende a ni\u00f1os del Condado de Los \u00c1ngeles que son recuperados de secuestros por extra\u00f1os\/ajenos a la familia o secuestros parentales, as\u00ed como a las familias con las que se reencuentran. El objetivo de la Task Force es reducir el trauma en ni\u00f1os y sus familias que son v\u00edctimas de secuestro, proporcionando una respuesta efectiva y coordinada entre diversas agencias para la recuperaci\u00f3n y reunificaci\u00f3n de los ni\u00f1os.<\/p><\/div><\/div>\t\t\t\t\t\t\t\t<\/div>\n\t\t\t\t<\/div>\n\t\t<div class=\"elementor-element elementor-element-454948d e-flex e-con-boxed e-con e-child\" data-id=\"454948d\" data-element_type=\"container\" data-settings=\"{&quot;jet_parallax_layout_list&quot;:[]}\">\n\t\t\t\t\t<div class=\"e-con-inner\">\n\t\t<div class=\"elementor-element elementor-element-f26031b e-flex e-con-boxed e-con e-child\" data-id=\"f26031b\" data-element_type=\"container\" data-settings=\"{&quot;jet_parallax_layout_list&quot;:[]}\">\n\t\t\t\t\t<div class=\"e-con-inner\">\n\t\t\t\t<div class=\"elementor-element elementor-element-58bd633 elementor-widget elementor-widget-image\" data-id=\"58bd633\" data-element_type=\"widget\" data-widget_type=\"image.default\">\n\t\t\t\t<div class=\"elementor-widget-container\">\n\t\t\t\t\t\t\t\t\t\t\t\t\t\t\t<img decoding=\"async\" width=\"600\" height=\"400\" src=\"https:\/\/carsforchildren.net\/brb-spanish\/wp-content\/uploads\/2023\/11\/ftc-7.jpg\" class=\"attachment-large size-large wp-image-92\" alt=\"Find the Children\" srcset=\"https:\/\/carsforchildren.net\/brb-spanish\/wp-content\/uploads\/2023\/11\/ftc-7.jpg 600w, https:\/\/carsforchildren.net\/brb-spanish\/wp-content\/uploads\/2023\/11\/ftc-7-300x200.jpg 300w\" sizes=\"(max-width: 600px) 100vw, 600px\" title=\"\">\t\t\t\t\t\t\t\t\t\t\t\t\t\t\t<\/div>\n\t\t\t\t<\/div>\n\t\t\t\t\t<\/div>\n\t\t\t\t<\/div>\n\t\t<div class=\"elementor-element elementor-element-bfff37d e-flex e-con-boxed e-con e-child\" data-id=\"bfff37d\" data-element_type=\"container\" data-settings=\"{&quot;jet_parallax_layout_list&quot;:[]}\">\n\t\t\t\t\t<div class=\"e-con-inner\">\n\t\t\t\t<div class=\"elementor-element elementor-element-cb66415 elementor-widget elementor-widget-image\" data-id=\"cb66415\" data-element_type=\"widget\" data-widget_type=\"image.default\">\n\t\t\t\t<div class=\"elementor-widget-container\">\n\t\t\t\t\t\t\t\t\t\t\t\t\t\t\t<img loading=\"lazy\" decoding=\"async\" width=\"600\" height=\"400\" src=\"https:\/\/carsforchildren.net\/brb-spanish\/wp-content\/uploads\/2023\/11\/ftc-8.jpg\" class=\"attachment-large size-large wp-image-93\" alt=\"Find the Children\" srcset=\"https:\/\/carsforchildren.net\/brb-spanish\/wp-content\/uploads\/2023\/11\/ftc-8.jpg 600w, https:\/\/carsforchildren.net\/brb-spanish\/wp-content\/uploads\/2023\/11\/ftc-8-300x200.jpg 300w\" sizes=\"(max-width: 600px) 100vw, 600px\" title=\"\">\t\t\t\t\t\t\t\t\t\t\t\t\t\t\t<\/div>\n\t\t\t\t<\/div>\n\t\t\t\t\t<\/div>\n\t\t\t\t<\/div>\n\t\t<div class=\"elementor-element elementor-element-52a9041 e-flex e-con-boxed e-con e-child\" data-id=\"52a9041\" data-element_type=\"container\" data-settings=\"{&quot;jet_parallax_layout_list&quot;:[]}\">\n\t\t\t\t\t<div class=\"e-con-inner\">\n\t\t\t\t<div class=\"elementor-element elementor-element-10d69a0 elementor-widget elementor-widget-image\" data-id=\"10d69a0\" data-element_type=\"widget\" data-widget_type=\"image.default\">\n\t\t\t\t<div class=\"elementor-widget-container\">\n\t\t\t\t\t\t\t\t\t\t\t\t\t\t\t<img loading=\"lazy\" decoding=\"async\" width=\"600\" height=\"400\" src=\"https:\/\/carsforchildren.net\/brb-spanish\/wp-content\/uploads\/2023\/11\/ftc-9.jpg\" class=\"attachment-large size-large wp-image-94\" alt=\"Find the Children\" srcset=\"https:\/\/carsforchildren.net\/brb-spanish\/wp-content\/uploads\/2023\/11\/ftc-9.jpg 600w, https:\/\/carsforchildren.net\/brb-spanish\/wp-content\/uploads\/2023\/11\/ftc-9-300x200.jpg 300w\" sizes=\"(max-width: 600px) 100vw, 600px\" title=\"\">\t\t\t\t\t\t\t\t\t\t\t\t\t\t\t<\/div>\n\t\t\t\t<\/div>\n\t\t\t\t\t<\/div>\n\t\t\t\t<\/div>\n\t\t\t\t\t<\/div>\n\t\t\t\t<\/div>\n\t\t\t\t\t<\/div>\n\t\t\t\t<\/div>\n\t\t\t\t<\/div>\n\t\t","protected":false},"excerpt":{"rendered":"<p>About Find the Children Home About Dona Ahora Protege el futuro de los ni\u00f1os Find The Children es una organizaci\u00f3n sin fines de lucro dedicada a la recuperaci\u00f3n de ni\u00f1os desaparecidos y a la prevenci\u00f3n del secuestro infantil. \u201cFind The Children\u201d ayuda a las familias de ni\u00f1os desaparecidos colaborando con las autoridades locales y federales, [&hellip;]<\/p>\n","protected":false},"author":1,"featured_media":0,"parent":0,"menu_order":0,"comment_status":"closed","ping_status":"closed","template":"","meta":{"_monsterinsights_skip_tracking":false,"_monsterinsights_sitenote_active":false,"_monsterinsights_sitenote_note":"","_monsterinsights_sitenote_category":0,"footnotes":""},"class_list":["post-13","page","type-page","status-publish","hentry"],"_links":{"self":[{"href":"https:\/\/carsforchildren.net\/brb-spanish\/wp-json\/wp\/v2\/pages\/13","targetHints":{"allow":["GET"]}}],"collection":[{"href":"https:\/\/carsforchildren.net\/brb-spanish\/wp-json\/wp\/v2\/pages"}],"about":[{"href":"https:\/\/carsforchildren.net\/brb-spanish\/wp-json\/wp\/v2\/types\/page"}],"author":[{"embeddable":true,"href":"https:\/\/carsforchildren.net\/brb-spanish\/wp-json\/wp\/v2\/users\/1"}],"replies":[{"embeddable":true,"href":"https:\/\/carsforchildren.net\/brb-spanish\/wp-json\/wp\/v2\/comments?post=13"}],"version-history":[{"count":10,"href":"https:\/\/carsforchildren.net\/brb-spanish\/wp-json\/wp\/v2\/pages\/13\/revisions"}],"predecessor-version":[{"id":125,"href":"https:\/\/carsforchildren.net\/brb-spanish\/wp-json\/wp\/v2\/pages\/13\/revisions\/125"}],"wp:attachment":[{"href":"https:\/\/carsforchildren.net\/brb-spanish\/wp-json\/wp\/v2\/media?parent=13"}],"curies":[{"name":"wp","href":"https:\/\/api.w.org\/{rel}","templated":true}]}}